{"id":320,"date":"2021-03-19T09:26:27","date_gmt":"2021-03-19T12:26:27","guid":{"rendered":"http:\/\/jogoseuropeus2021.people9.com.br\/home\/?page_id=320"},"modified":"2021-03-19T09:54:30","modified_gmt":"2021-03-19T12:54:30","slug":"abadassistencia","status":"publish","type":"page","link":"http:\/\/jogoseuropeus2021.people9.com.br\/home\/?page_id=320","title":{"rendered":"abadassist\u00eancia"},"content":{"rendered":"\t\t<div data-elementor-type=\"wp-page\" data-elementor-id=\"320\" class=\"elementor elementor-320\" data-elementor-settings=\"[]\">\n\t\t\t\t\t\t\t<div class=\"elementor-section-wrap\">\n\t\t\t\t\t\t\t<section class=\"elementor-section elementor-top-section elementor-element elementor-element-4346301 elementor-section-boxed elementor-section-height-default elementor-section-height-default\" data-id=\"4346301\" data-element_type=\"section\">\n\t\t\t\t\t\t<div class=\"elementor-container elementor-column-gap-default\">\n\t\t\t\t\t<div class=\"elementor-column elementor-col-100 elementor-top-column elementor-element elementor-element-7837be8\" data-id=\"7837be8\" data-element_type=\"column\">\n\t\t\t<div class=\"elementor-widget-wrap elementor-element-populated\">\n\t\t\t\t\t\t\t\t<div class=\"elementor-element elementor-element-18d9b8b elementor-widget elementor-widget-heading\" data-id=\"18d9b8b\" data-element_type=\"widget\" data-widget_type=\"heading.default\">\n\t\t\t\t<div class=\"elementor-widget-container\">\n\t\t\t<h2 class=\"elementor-heading-title elementor-size-default\">ABADAssist\u00eancia Social<\/h2>\t\t<\/div>\n\t\t\t\t<\/div>\n\t\t\t\t<section class=\"elementor-section elementor-inner-section elementor-element elementor-element-ce21fbe elementor-section-boxed elementor-section-height-default elementor-section-height-default\" data-id=\"ce21fbe\" data-element_type=\"section\">\n\t\t\t\t\t\t<div class=\"elementor-container elementor-column-gap-default\">\n\t\t\t\t\t<div class=\"elementor-column elementor-col-50 elementor-inner-column elementor-element elementor-element-a534262\" data-id=\"a534262\" data-element_type=\"column\">\n\t\t\t<div class=\"elementor-widget-wrap elementor-element-populated\">\n\t\t\t\t\t\t\t\t<div class=\"elementor-element elementor-element-736970a elementor-widget elementor-widget-text-editor\" data-id=\"736970a\" data-element_type=\"widget\" data-widget_type=\"text-editor.default\">\n\t\t\t\t<div class=\"elementor-widget-container\">\n\t\t\t\t\t<div class=\"elementor-text-editor elementor-clearfix\"><p>A <strong>ABADA Capoeira<\/strong> desde sua funda\u00e7\u00e3o, tem em sua filosofia a preocupa\u00e7\u00e3o com as causas sociais. Ao longo dos anos a ABADA, sob a mentoria do mestre Camisa, j\u00e1 vem realizando in\u00fameras campanhas sociais, relacionadas a ecologia, doa\u00e7\u00e3o de sangue, quest\u00f5es ind\u00edgenas, a paz nos diferentes cantos do mundo, educa\u00e7\u00e3o, cultura, entre outras e todas no intuito de contribuir para o desenvolvimento de uma sociedade melhor.<\/p><p>Al\u00e9m das campanhas, a <strong>ABADA Capoeira<\/strong> tamb\u00e9m desenvolve diversos projetos sociais, e por interm\u00e9dio da capoeira oferece apoio \u00e0 indiv\u00edduos, fam\u00edlias e \u00e0 comunidades na supera\u00e7\u00e3o de suas dificuldades, resgatando inclusive crian\u00e7as e jovens em situa\u00e7\u00e3o de vulnerabilidade. Muitas dessas a\u00e7\u00f5es sociais s\u00e3o pioneiras e se tornaram refer\u00eancia no universo da capoeira.<\/p><p>O mundo inteiro passa por um momento muito dif\u00edcil, em que fica mais evidente que \u00e9 atrav\u00e9s da coletividade e empatia que vamos nos fortalecer. Somente unidos e estendendo \u00e0 m\u00e3o ao pr\u00f3ximo \u00e9 que podemos pensar numa sociedade mais humanit\u00e1ria e justa.<\/p><\/div>\n\t\t\t\t<\/div>\n\t\t\t\t<\/div>\n\t\t\t\t\t<\/div>\n\t\t<\/div>\n\t\t\t\t<div class=\"elementor-column elementor-col-50 elementor-inner-column elementor-element elementor-element-8791a7d\" data-id=\"8791a7d\" data-element_type=\"column\">\n\t\t\t<div class=\"elementor-widget-wrap elementor-element-populated\">\n\t\t\t\t\t\t\t\t<div class=\"elementor-element elementor-element-3890e16 elementor-widget elementor-widget-image\" data-id=\"3890e16\" data-element_type=\"widget\" data-widget_type=\"image.default\">\n\t\t\t\t<div class=\"elementor-widget-container\">\n\t\t\t\t\t<div class=\"elementor-image\">\n\t\t\t\t\t\t\t\t\t\t<img width=\"750\" height=\"496\" src=\"http:\/\/jogoseuropeus2021.people9.com.br\/home\/wp-content\/uploads\/2021\/03\/abadassistencia_social-3-1024x677.jpg\" class=\"attachment-large size-large\" alt=\"\" loading=\"lazy\" srcset=\"http:\/\/jogoseuropeus2021.people9.com.br\/home\/wp-content\/uploads\/2021\/03\/abadassistencia_social-3-1024x677.jpg 1024w, http:\/\/jogoseuropeus2021.people9.com.br\/home\/wp-content\/uploads\/2021\/03\/abadassistencia_social-3-300x198.jpg 300w, http:\/\/jogoseuropeus2021.people9.com.br\/home\/wp-content\/uploads\/2021\/03\/abadassistencia_social-3-768x508.jpg 768w, http:\/\/jogoseuropeus2021.people9.com.br\/home\/wp-content\/uploads\/2021\/03\/abadassistencia_social-3-1536x1016.jpg 1536w, http:\/\/jogoseuropeus2021.people9.com.br\/home\/wp-content\/uploads\/2021\/03\/abadassistencia_social-3.jpg 1830w\" sizes=\"(max-width: 750px) 100vw, 750px\" \/>\t\t\t\t\t\t\t\t\t\t\t<\/div>\n\t\t\t\t<\/div>\n\t\t\t\t<\/div>\n\t\t\t\t\t<\/div>\n\t\t<\/div>\n\t\t\t\t\t\t\t<\/div>\n\t\t<\/section>\n\t\t\t\t\t<\/div>\n\t\t<\/div>\n\t\t\t\t\t\t\t<\/div>\n\t\t<\/section>\n\t\t\t\t<section class=\"elementor-section elementor-top-section elementor-element elementor-element-541c669 elementor-section-boxed elementor-section-height-default elementor-section-height-default\" data-id=\"541c669\" data-element_type=\"section\">\n\t\t\t\t\t\t<div class=\"elementor-container elementor-column-gap-default\">\n\t\t\t\t\t<div class=\"elementor-column elementor-col-100 elementor-top-column elementor-element elementor-element-9e80d5a\" data-id=\"9e80d5a\" data-element_type=\"column\">\n\t\t\t<div class=\"elementor-widget-wrap elementor-element-populated\">\n\t\t\t\t\t\t\t\t<div class=\"elementor-element elementor-element-4d41370 elementor-widget elementor-widget-text-editor\" data-id=\"4d41370\" data-element_type=\"widget\" data-widget_type=\"text-editor.default\">\n\t\t\t\t<div class=\"elementor-widget-container\">\n\t\t\t\t\t<div class=\"elementor-text-editor elementor-clearfix\"><p>Sempre acompanhando as mudan\u00e7as no mundo e com toda experi\u00eancia ao longo de seus mais de 30 anos, reafirmando o compromisso com a responsabilidade social ABADA em 2021 lan\u00e7a a chancela <strong><span style=\"color: #00ccff;\">ABADAssist\u00eancia Social<\/span><\/strong>. Atrav\u00e9s de servi\u00e7os, programas e projetos a ABADA estar\u00e1 assim, cumprindo seu prop\u00f3sito fundamental, onde num esfor\u00e7o coletivo poder\u00e1 promover a\u00e7\u00f5es no sentido de ajuda ou aux\u00edlio especializado: assist\u00eancia jur\u00eddica, m\u00e9dica, educacional e outras que se julgar necess\u00e1rias.<\/p><p><strong><span style=\"color: #00ccff;\">ABADAssist\u00eancia social<\/span><\/strong> compreende: ajuda, aux\u00edlio, socorro, amparo, apoio, colabora\u00e7\u00e3o, contribui\u00e7\u00e3o, coopera\u00e7\u00e3o, assessoria, assessoramento, atrav\u00e9s de a\u00e7\u00f5es concretas que contribuir\u00e3o para o melhor desenvolvimento do indiv\u00edduo e consequentemente, da sociedade como um todo.<\/p><\/div>\n\t\t\t\t<\/div>\n\t\t\t\t<\/div>\n\t\t\t\t\t<\/div>\n\t\t<\/div>\n\t\t\t\t\t\t\t<\/div>\n\t\t<\/section>\n\t\t\t\t<section class=\"elementor-section elementor-top-section elementor-element elementor-element-fb0a058 elementor-section-boxed elementor-section-height-default elementor-section-height-default\" data-id=\"fb0a058\" data-element_type=\"section\">\n\t\t\t\t\t\t<div class=\"elementor-container elementor-column-gap-default\">\n\t\t\t\t\t<div class=\"elementor-column elementor-col-100 elementor-top-column elementor-element elementor-element-f00f1b9\" data-id=\"f00f1b9\" data-element_type=\"column\">\n\t\t\t<div class=\"elementor-widget-wrap elementor-element-populated\">\n\t\t\t\t\t\t\t\t<div class=\"elementor-element elementor-element-fcb2e9e elementor-widget elementor-widget-spacer\" data-id=\"fcb2e9e\" data-element_type=\"widget\" data-widget_type=\"spacer.default\">\n\t\t\t\t<div class=\"elementor-widget-container\">\n\t\t\t\t\t<div class=\"elementor-spacer\">\n\t\t\t<div class=\"elementor-spacer-inner\"><\/div>\n\t\t<\/div>\n\t\t\t\t<\/div>\n\t\t\t\t<\/div>\n\t\t\t\t\t<\/div>\n\t\t<\/div>\n\t\t\t\t\t\t\t<\/div>\n\t\t<\/section>\n\t\t\t\t\t\t<\/div>\n\t\t\t\t\t<\/div>\n\t\t","protected":false},"excerpt":{"rendered":"<p>ABADAssist\u00eancia Social A ABADA Capoeira desde sua funda\u00e7\u00e3o, tem em sua filosofia a preocupa\u00e7\u00e3o com as causas sociais. Ao longo dos anos a ABADA, sob a mentoria do mestre Camisa, j\u00e1 vem realizando in\u00fameras campanhas sociais, relacionadas a ecologia, doa\u00e7\u00e3o de sangue, quest\u00f5es ind\u00edgenas, a paz nos diferentes cantos do [&hellip;]<\/p>\n","protected":false},"author":1,"featured_media":0,"parent":0,"menu_order":0,"comment_status":"closed","ping_status":"closed","template":"page-templates\/template-pagebuilder-full-width.php","meta":[],"_links":{"self":[{"href":"http:\/\/jogoseuropeus2021.people9.com.br\/home\/index.php?rest_route=\/wp\/v2\/pages\/320"}],"collection":[{"href":"http:\/\/jogoseuropeus2021.people9.com.br\/home\/index.php?rest_route=\/wp\/v2\/pages"}],"about":[{"href":"http:\/\/jogoseuropeus2021.people9.com.br\/home\/index.php?rest_route=\/wp\/v2\/types\/page"}],"author":[{"embeddable":true,"href":"http:\/\/jogoseuropeus2021.people9.com.br\/home\/index.php?rest_route=\/wp\/v2\/users\/1"}],"replies":[{"embeddable":true,"href":"http:\/\/jogoseuropeus2021.people9.com.br\/home\/index.php?rest_route=%2Fwp%2Fv2%2Fcomments&post=320"}],"version-history":[{"count":10,"href":"http:\/\/jogoseuropeus2021.people9.com.br\/home\/index.php?rest_route=\/wp\/v2\/pages\/320\/revisions"}],"predecessor-version":[{"id":379,"href":"http:\/\/jogoseuropeus2021.people9.com.br\/home\/index.php?rest_route=\/wp\/v2\/pages\/320\/revisions\/379"}],"wp:attachment":[{"href":"http:\/\/jogoseuropeus2021.people9.com.br\/home\/index.php?rest_route=%2Fwp%2Fv2%2Fmedia&parent=320"}],"curies":[{"name":"wp","href":"https:\/\/api.w.org\/{rel}","templated":true}]}}